Let p = i - -199. Let w(v) = -v + 2. Calculate w(p).
-1
Let x(f) = -77*f**3 + 9*f**2 + 6*f + 4. Let c(y) = 61*y**3 - 10*y**2 - 6*y - 2. Let o(z) = -5*c(z) - 4*x(z). Give o(-5).
-61
Suppose 85*s - 212 = 138*s. Let k(m) = m**3 + 6*m**2 + 2*m - 4. Calculate k(s).
20
Let v(n) = n**2 - 30*n - 35. Let o be v(30). Let k(y) = -y**2 - 33*y + 63. Let r be k(o). Let b(d) = -d**2 - 6*d - 6. Determine b(r).
-13
Let j(y) = y**2 - 2*y - 6. Let s(l) = -3*l**3 - l**2 - l + 1. Suppose 0 = 3*w - 8 + 5. Let q be s(w). Calculate j(q).
18
Let p be 150/20 + 1/2. Let m(w) = -3 - 5 - 6*w + 0 + 7*w. Determine m(p).
0
Let k(t) = 3*t**3 + 182*t**2 + 121*t + 60. Let l be k(-60). Let y(v) be the third derivative of l*v - 1/8*v**4 + 29*v**2 - 1/2*v**3 - 1/60*v**5 + 0. Give y(-4).
-7
Let o(u) = -u**3 - 8*u**2 + 8*u - 6. Let m be o(-9). Let q = -2 + m. Let z(r) be the second derivative of -5*r**3/6 + r**2/2 - 3*r - 2221. Calculate z(q).
-4
Let y(c) = -17*c**2 - 2*c - 1. Suppose 128 = 9*n - 5*n. Suppose -29 = -3*k - n. What is y(k)?
-16
Let s(b) = b**2 + 5*b + 2. Let n be (-12 + 0)*(-4)/(-8). Let d(r) = 6*r**2 + 8 - 17 + r**3 + 0 - r. Let j be d(n). Determine s(j).
-4
Let f be ((-12)/(-8) + 0)*4. Let o(u) = 6*u + 9 - f + 22 + 11. Let z(j) = -j - 7. Let n(a) = -2*o(a) - 11*z(a). What is n(-7)?
12
Let f(x) = 322*x**2 - 666*x**2 + 7*x - 30 + x + 335*x**2 + x**3. Give f(4).
-78
Let r be 5/25*5 - -3. Let l(s) = -14*s**2 + 18*s - 66. Let m(u) = 5*u**2 - 6*u + 23. Let g(z) = 4*l(z) + 11*m(z). Calculate g(r).
-3
Let x(d) = d**3 + 10*d**2 - 4*d - 42. Let a be x(-10). Let u be (4/34 - (-39)/102)*a. Let t(j) = 5*j**2 - j + 1. What is t(u)?
7
Let i(z) = -852 - 2*z**2 + 0*z**3 + 855 - z**3 - 14*z. Let l(k) = -k**2 + 2*k. Let s(p) = i(p) + 5*l(p). What is s(-4)?
-29
Let y(a) = 2*a**2 - 2*a - 206. Let u(k) = -k**2 - 70. Let v(s) = -3*u(s) + y(s). Calculate v(1).
7
Suppose 0 = 23*p - 27*p + 12. Suppose -3*l + p = -4*l. Let t(f) = 6*f**2 - 2*f + 5. Let r(k) = 2*k**2 - k + 2. Let y(m) = -11*r(m) + 4*t(m). Determine y(l).
7
Let v(w) = 2*w. Suppose 33 - 6 = -9*s. Let d(b) = 11*b. Let u(g) = s*v(g) + d(g). Let a = 3 - -1. Calculate u(a).
20
Let j(a) = 7*a - 6 - a**2 + 2 + 0*a**2 - 3*a. Let o be j(2). Let m(i) = -23*i**2 - i**3 + 29*i**2 + 4 + i + 1 + o. What is m(6)?
11
Let d(a) be the second derivative of a**5/120 - a**4/12 + 17*a**3 - 19*a - 1. Let f(i) be the second derivative of d(i). Determine f(-9).
-11
Let f(p) be the first derivative of p**4/4 + p**3 - 7*p**2/2 + 6*p - 2223. What is f(-4)?
18
Let h(n) = 90 - 95 + 151 + 29*n + 54 - 20*n. Give h(-22).
2
Let l(k) be the third derivative of 0*k + 150*k**2 - 1/3*k**3 + 0 + 1/24*k**4. What is l(2)?
0
Let h(i) = -i**2 - 9*i - 3. Suppose -6*j + 8*j = -70. Suppose -3*x + 4*b - 145 = 0, -55 = 11*x - 10*x - 3*b. Let v = x - j. What is h(v)?
5
Let r(f) = -f**2 + 4*f - 3. Let u be (-8 - 2 - 0)*8/(-16). Suppose 2*g + 13 = -u*o, 3*g - 14*o + 13*o = -11. Give r(g).
-35
Let g = -22 + -10. Let v = g + 34. Let h(p) = 3 + p**2 + 2*p + v*p + 2*p. Determine h(-2).
-5
Let z(s) = -26*s - 28*s - 27*s - 28 + 84*s. Determine z(10).
2
Let j(v) = -v - 3. Suppose 44 = 5*p + 6*p. Suppose 4 = -2*o - p. Give j(o).
1
Let m(a) = -a**2 + 47*a - 466. Let p be m(33). Let d(l) = -l**3 - 4*l**2 + 6*l + 4. Give d(p).
-20
Suppose -2*z - 4*c + 31 = -5, 0 = 2*z - 2*c - 54. Suppose -5*q + 4 = z. Let l(u) = 25282*u**2 - 12637*u**2 - 12646*u**2 - 5 - u. Give l(q).
-17
Let j(g) be the first derivative of -3*g**2/2 - g - 53. Suppose z = -z + 14. Suppose -2 = -3*h + z. Calculate j(h).
-10
Suppose -4*u - 20 = 0, -j + 4*u = 3*j - 20. Let r(c) be the first derivative of -c**2 + 1/4*c**4 + 4/3*c**3 + j*c - 3. Give r(-5).
-15
Let p(n) = -116*n + 30 + 62*n + 58*n - 55 - 55. Determine p(11).
-36
Let l(n) = -2 + 3*n + 115679*n**2 + 2 - 115678*n**2. Let k(r) = -r**3 + 4*r**2 - 2*r - 2. Let d be k(4). Let j be 18/d + 1/(-5). Determine l(j).
-2
Let u be ((-1)/5)/((-190)/(-150) - 5/3). Let j(g) be the third derivative of 9*g**2 - u*g**3 + 1/60*g**6 + 1/60*g**5 - 1/6*g**4 + 0*g + 0. Calculate j(-2).
-7
Let b(r) = -42*r**2 - 9*r - 7. Let n(u) = -6*u**2 - 2*u - 1. Let c(s) = -b(s) + 5*n(s). Calculate c(1).
13
Let n be (-9)/(162/30)*-3. Let k(r) = 6 + r + 1 - 5 - n. Let c(t) = -3*t - 1. Let w be c(-2). Calculate k(w).
2
Let x(f) be the second derivative of 7*f**3/6 + 93*f**2 + 5*f - 8. Calculate x(-27).
-3
Let b(q) = 12*q**2 - 4*q + 1. Let v(o) = -95*o - 9024. Let k be v(-95). What is b(k)?
9
Let v be (0 + 1)*(3 + -1). Suppose -3*a + v - 11 = 0. Let q(m) be the first derivative of m**3/3 - m**2 - m - 3574. Calculate q(a).
14
Let x(d) = 46*d + 2. Let n(i) = i**2 - 63*i - 200. Let l be n(-3). Determine x(l).
-90
Let x(u) = 23*u**3 - u**2 - 2*u - 1. Let f(m) = m - 8. Let p be f(7). What is x(p)?
-23
Let s(g) = 22*g. Let q(a) = a + 11. Let c(i) = -q(i) - s(i). What is c(-3)?
58
Let q(d) = -2*d**3 + 12*d**2 + 13*d + 17. Suppose -103*i = -94*i - 9. Let a(p) = p**3 + 1. Let y(k) = i*q(k) + a(k). Determine y(13).
18
Let x(m) = -m + 8. Let i(r) = -r**2 - 13*r - 7. Let t be i(-11). Suppose -5*d = 5*h - t, 0 = -3*h + 3*d + d + 16. Calculate x(h).
4
Let t be 7/2*(-16)/(-28). Let a(w) = -21*w**2 - t*w - 2 + 34*w**2 - 4*w - 15*w**2. Determine a(-6).
-38
Let x(k) = 6*k - 2. Let q(y) = 6*y + 58. Let l be ((-21)/(-14))/(3/(-20)). Let v be q(l). Give x(v).
-14
Let q(z) = 7*z**3 + 54*z**2 + 29*z + 39. Let t(y) = 4*y**3 + 29*y**2 + 14*y + 20. Let g(b) = -3*q(b) + 5*t(b). Give g(-16).
-1
Suppose -9*z = 25 - 7. Let p be (1 - 4)/(-9*z/12). Let o(g) = -g**2 + 2. Give o(p).
-2
Let g(m) = -5*m**3 - 43*m**2 + 11*m - 76. Let s be g(-9). Let w(i) = i**2 + 32*i + 251. Give w(s).
4
Suppose 0 = -2*v - 4*x + 30, 3*v + v + 5*x - 45 = 0. Let n(j) = -v + 3*j - 24*j**2 - 23*j**2 + 46*j**2. Suppose -7 = -5*h + 13. Calculate n(h).
-9
Suppose v = -14*v + 15. Let t be -3 + v + 18 + -11. Let n(u) = 4*u + 1. Give n(t).
21
Let r(x) = -9*x + 7. Suppose -77*g + 78*g - 5 = -l, -4*g + 5*l + 11 = 0. Give r(g).
-29
Let f(z) be the first derivative of -z**3/3 + 2*z - 438. Suppose -2*j - 6 = v - 3, -j = 5*v + 15. Give f(j).
2
Let j(m) = 25*m**2 + 67*m - 5. Let x(k) = -12*k**2 - 31*k + 2. Let b(q) = 6*j(q) + 13*x(q). Calculate b(-2).
-26
Let p = -284 + 286. Let z(q) = 8*q - p*q - q - 1 - 4*q + 4*q. Let u be 4*((-3)/4 - 0). Determine z(u).
-16
Let g(t) = 8 - 5*t**2 - 63 + 3*t - t**3 + 46. Determine g(-5).
-24
Let m(b) = 6*b + 13. Let f(n) = -4*n - 8. Let l(z) = 5*z + 9. Let i(c) = 3*f(c) + 2*l(c). Let x(u) = 5*i(u) + 2*m(u). Determine x(-5).
-14
Let f(x) = 15*x**2 - 3*x - 1. Let w(u) = 12*u**2 - u - 1. Let l(i) = 3*f(i) - 4*w(i). Determine l(-3).
-11
Let u(z) = 5*z + z + 3 + 11 - 49. Give u(7).
7
Let m(v) = -v - 4. Let n(j) = -j**3 + 14*j**2 + j - 9. Suppose -21*k = -16*k - 70. Let r be n(k). Suppose r*f - 8 = -3, 5*u - 3*f + 18 = 0. What is m(u)?
-1
Let k(n) be the second derivative of 13*n**6/360 + 40*n**3/3 - n**2/2 + 40*n + 1. Let s(p) be the second derivative of k(p). Determine s(1).
13
Let p(m) = m**2 - 12*m - 12. Let b(a) be the first derivative of a**3/3 - 6*a**2 - 13*a + 21. Let o(n) = -5*b(n) + 6*p(n). Determine o(12).
-7
Let o(j) = 2*j**3 + 20*j**2 + 9*j + 21. Let q(s) = -s**2 - 2*s - 17. Let i(n) = -o(n) - 3*q(n). What is i(-8)?
-10
Let i(o) = 4*o - 2. Let d(n) = -7*n + 3. Let t(x) = 3*d(x) + 5*i(x). Let a(h) = -h**2 + 20*h - 70. Let v be a(15). Determine t(v).
-6
Let r be (-10)/(-5)*(-2)/(-2). Let t(g) = -2 - 1 - 307*g**2 + 310*g**2 - r*g + 2. Let a = -6 + 8. Determine t(a).
7
Let h(w) = w**2 + 1230134 - 615063 - 2*w - 615070. Let s(j) = 2*j + 11. Let b be s(-7). Determine h(b).
16
Let c(h) = h**2 - h. Suppose 256 = 3*g + 5*k - 0*k, g + k - 84 = 0. Let s = 85 - g. What is c(s)?
6
Let x(p) = p**3 + 4*p**2 - 2*p - 4. Let o be x(-4). Suppose -26 = o*y - 2. Let h(d) = 4*d + 2*d + 4 - 2*d + 2*d - 5*d. What is h(y)?
-2
Suppose 5*w + 6 = -2*l, 6*l = 2*l - 2*w - 12. Let o(b) = -b - 420*b**2 - 1 - b + 842*b**2 - 421*b**2 + b**3. What is o(l)?
-13
Let t(m) = 88*m**2 + 3256*m - 37. Let p be t(-37). Let f(x) = x**2 + 29*x - 290. Give f(p).
6
Let x(s) = -s**2 - 24*s + 174. Let m be x(6). Let p(k) be the first derivative of -k**2 + 7*k + 4. Determine p(m).
19
Let k(c) = 2*c**3 - 11*c**2 + 5*c - 2. Suppose -8*t + 11*t - 15 = 0. Let b be k(t). Let a(o) = 